84613?
8
What is the units digit of 3146?
6
What is the ten thousands digit of 57567?
5
What is the units digit of 9913?
3
What is the ten thousands digit of 24810?
2
What is the tens digit of 40981?
8
What is the ten thousands digit of 13172?
1
What is the tens digit of 2199?
9
What is the tens digit of 1588?
8
What is the hundred thousands digit of 131774?
1
What is the thousands digit of 13323?
3
What is the units digit of 70377?
7
What is the hundreds digit of 705?
7
What is the thousands digit of 29987?
9
What is the units digit of 13267?
7
What is the hundreds digit of 7817?
8
What is the thousands digit of 1120?
1
What is the units digit of 346?
6
What is the ten thousands digit of 79503?
7
What is the thousands digit of 28231?
8
What is the thousands digit of 19756?
9
What is the hundreds digit of 5336?
3
What is the units digit of 16549?
9
What is the units digit of 11553?
3
What is the hundreds digit of 51738?
7
What is the tens digit of 3185?
8
What is the ten thousands digit of 10510?
1
What is the hundreds digit of 14714?
7
What is the tens digit of 1450?
5
What is the ten thousands digit of 75699?
7
What is the ten thousands digit of 14919?
1
What is the thousands digit of 112495?
2
What is the thousands digit of 5334?
5
What is the thousands digit of 26381?
6
What is the units digit of 8686?
6
What is the tens digit of 408?
0
What is the thousands digit of 13327?
3
What is the hundreds digit of 4443?
4
What is the thousands digit of 4237?
4
What is the ten thousands digit of 20828?
2
What is the hundreds digit of 217?
2
What is the hundreds digit of 17465?
4
What is the tens digit of 2043?
4
What is the ten thousands digit of 11551?
1
What is the hundred thousands digit of 141057?
1
What is the tens digit of 11772?
7
What is the ten thousands digit of 41292?
4
What is the thousands digit of 4446?
4
What is the units digit of 111689?
9
What is the units digit of 1466?
6
What is the hundreds digit of 19002?
0
What is the hundreds digit of 4144?
1
What is the hundreds digit of 127502?
5
What is the thousands digit of 67439?
7
What is the thousands digit of 13651?
3
What is the tens digit of 821?
2
What is the hundreds digit of 1876?
8
What is the hundreds digit of 373?
3
What is the tens digit of 810?
1
What is the tens digit of 27242?
4
What is the tens digit of 1167?
6
What is the hundreds digit of 3400?
4
What is the hundreds digit of 832?
8
What is the ten thousands digit of 17675?
1
What is the thousands digit of 64329?
4
What is the units digit of 8685?
5
What is the units digit of 2999?
9
What is the ten thousands digit of 165899?
6
What is the units digit of 898?
8
What is the units digit of 5393?
3
What is the tens digit of 870?
7
What is the hundreds digit of 93551?
5
What is the tens digit of 2226?
2
What is the hundreds digit of 1143?
1
What is the hundreds digit of 8214?
2
What is the units digit of 3981?
1
What is the tens digit of 4871?
7
What is the hundreds digit of 7931?
9
What is the thousands digit of 24826?
4
What is the tens digit of 2797?
9
What is the units digit of 1581?
1
What is the tens digit of 999?
9
What is the units digit of 1356?
6
What is the units digit of 217?
7
What is the hundreds digit of 7547?
5
What is the thousands digit of 4181?
4
What is the hundreds digit of 355?
3
What is the tens digit of 804?
0
What is the tens digit of 26001?
0
What is the tens digit of 138466?
6
What is the thousands digit of 30392?
0
What is the ten thousands digit of 11026?
1
What is the ten thousands digit of 11682?
1
What is the ten thousands digit of 16492?
1
What is the hundreds digit of 28215?
2
What is the tens digit of 418?
1
What is the hundreds digit of 622?
6
What is the tens digit of 3489?
8
What is the tens digit of 1531?
3
What is the tens digit of 8934?
3
What is the hundreds digit of 303?
3
What is the units digit of 4863?
3
What is the thousands digit of 66894?
6
What is the units digit of 2204?
4
What is the thousands digit of 6865?
6
What is the thousands digit of 81789?
1
What is the tens digit of 91157?
5
What is the units digit of 120582?
2
What is the hundreds digit of 108933?
9
What is the units digit of 486?
6
What is the tens digit of 6850?
5
What is the units digit of 19456?
6
What is the units digit of 9901?
1
What is the tens digit of 50?
5
What is the hundreds digit of 4421?
4
What is the units digit of 959?
9
What is the hundreds digit of 13133?
1
What is the tens digit of 79284?
8
What is the tens digit of 119?
1
What is the units digit of 40015?
5
What is the tens digit of 412?
1
What is the thousands digit of 125192?
5
What is the hundreds digit of 5525?
5
What is the tens digit of 5070?
7
What is the ten thousands digit of 24009?
2
What is the thousands digit of 10172?
0
What is the units digit of 12852?
2
What is the tens digit of 939?
3
What is the units digit of 1280?
0
What is the ten thousands digit of 20628?
2
What is the units digit of 2285?
5
What is the tens digit of 11359?
5
What is the hundreds digit of 17301?
3
What is the units digit of 16742?
2
What is the units digit of 54800?
0
What is the units digit of 2754?
4
What is the tens digit of 8562?
6
What is the tens digit of 74?
7
What is the thousands digit of 4612?
4
What is the hundreds digit of 71889?
8
What is the ten thousands digit of 14167?
1
What is the tens digit of 3108?
0
What is the tens digit of 2494?
9
What is the hundreds digit of 3836?
8
What is the tens digit of 1074?
7
What is the thousands digit of 57934?
7
What is the units digit of 8679?
9
What is the hundreds digit of 1024?
0
What is the hundreds digit of 8785?
7
What is the thousands digit of 4548?
4
What is the tens digit of 4935?
3
What is the units digit of 1053?
3
What is the ten thousands digit of 65571?
6
What is the thousands digit of 38596?
8
What is the units digit of 293?
3
What is the tens digit of 1000?
0
What is the units digit of 632?
2
What is the units digit of 2450?
0
What is the thousands digit of 102368?
2
What is the ten thousands digit of 139959?
3
What is the hundreds digit of 1375?
3
What is the hundreds digit of 1103?
1
What is the units digit of 569?
9
What is the units digit of 1974?
4
What is the thousands digit of 3915?
3
What is the units digit of 17214?
4
What is the tens digit of 160663?
6
What is the hundreds digit of 1045?
0
What is the units digit of 32901?
1
What is the tens digit of 10804?
0
What is the hundreds digit of 511?
5
What is the tens digit of 414?
1
What is the thousands digit of 2939?
2
What is the tens digit of 54976?
7
What is the tens digit of 82412?
1
What is the tens digit of 29999?
9
What is the hundreds digit of 116103?
1
What is the thousands digit of 2413?
2
What is the units digit of 5272?
2
What is the hundreds digit of 338?
3
What is the thousands digit of 151594?
1
What is the units digit of 36836?
6
What is the units digit of 2989?
9
What is the thousands digit of 8599?
8
What is the thousands digit of 1295?
1
What is the thousands digit of 5266?
5
What is the thousands digit of 1521?
1
What is the units digit of 680?
0
What is the units digit of 16940?
0
What is the tens digit of 2312?
1
What is the tens digit of 1475?
7
What is the hundreds digit of 5012?
0
What is the thousands digit of 26778?
6
What is the units digit of 265?
5
What is the hundreds digit of 2243?
2
What is the hundreds digit of 57341?
3
What is the hundreds digit of 695?
6
What is the thousands digit of 3794?
3
What is the thousands digit of 2652?
2
What is the units digit of 1557?
7
What is the thousands digit of 45320?
5
What is the units digit of 416?
6
What is the thousands digit of 5732?
5
What is the tens digit of 4593?
9
What is the units digit of 1424?
4
What is the tens digit of 1835?
3
What is the hundred thousands digit of 122921?
1
What is the thousands digit of 15168?
5
What is the tens digit of 6094?
9
What is the tens digit of 120?
2
What is the tens digit of 8134?
3
What is the tens digit of 2616?
1
What is the tens digit of 3500?
0
What is the hundreds digit of 7006?
0
What is the tens digit of 125?
2
What is the hundreds digit of 13249?
2
What is the thousands digit of 33484?
3
What is the tens digit of 1897?
9
What is the tens digit of 6299?
9
What is the tens digit of 3262?
6
What is the h